 What is k(0)?
6
Let t(r) = -r**3 + 9*r**2 + 11*r - 9. Suppose -37*p = -17*p - 200. Calculate t(p).
1
Let c(a) = -4*a - a**2 + a + 4*a + 0*a. Let q(u) = 5*u**2 - 4*u. Let n(d) = 6*c(d) + q(d). Calculate n(3).
-3
Let h = -94 - -90. Let l(g) = g**2 + g + 5. What is l(h)?
17
Let y(c) be the second derivative of -c**5/60 + 5*c**4/24 - 2*c**3/3 - 16*c**2 - 26*c. Let p(s) be the first derivative of y(s). What is p(5)?
-4
Let l(m) = -m**2 + 10*m - 12. Let z be (-366)/(-42) - (-4)/14. Let a be l(z). Let t(r) = 4*r + 4. Calculate t(a).
-8
Let y(d) be the first derivative of -6*d + 1/2*d**2 + 4. What is y(5)?
-1
Suppose -x + 8 = -r, 4*x - 19 = -3. Let w(t) = 13*t**2 - 3*t - 10. Let j(u) = -8*u**2 + 2*u + 6. Let y(b) = -8*j(b) - 5*w(b). Give y(r).
-10
Let o(g) = g**3 - 4*g**2 - 5*g - 4. Let j be (-30)/9*2 - 4/(-6). Suppose 32 = 3*q + t, 22 = 5*q - 3*t - 36. Let p = j + q. Calculate o(p).
-4
Let z(q) = q**2 + 2*q + 2 + 5*q + 9 - 7. Let w = 185 + -191. Give z(w).
-2
Suppose -2*x - 84 = -5*n - 5*x, -4*x = -3*n + 33. Suppose -5*i - b = -n, -9 = 3*i + b - 4*b. Let u(h) = 0 + h**i + h**3 + 3 - h + 0 + 0*h**2. What is u(0)?
3
Let t(u) = 9*u**2 - 7*u - 7. Let q(y) = 13*y**2 - 11*y - 11. Let c(w) = -5*q(w) + 8*t(w). Let x(f) = -f**2 + f - 1. Let d(h) = -c(h) - 6*x(h). Determine d(-5).
7
Let i be 4/((-8)/6) + (3 - -2). Suppose 5*q - 9 = 4*a, -q - 4*a = i*q + 1. Let d(z) = -11*z**2 - z. What is d(q)?
-12
Let u(q) be the third derivative of q**7/840 - q**6/30 + q**5/10 - 2*q**4/3 - 3*q**3/2 - 9*q**2. Let o(h) be the first derivative of u(h). Give o(11).
-5
Suppose 0 = -68*n + 76*n - 32. Let r(c) = -2*c**3 + 7*c**2 + 5*c - 9. Calculate r(n).
-5
Let w be 89/(-356)*1*0/2. Let g(m) be the third derivative of 0*m + w + 4*m**2 - 1/12*m**4 - 1/6*m**3 - 1/30*m**5. What is g(-2)?
-5
Let h(o) = -33*o - 7. Let x(v) = -17*v - 4. Let j(b) = 3*h(b) - 5*x(b). Suppose 3*r + 2*g = -7, 5*r + 0 - 1 = 3*g. Calculate j(r).
13
Let i(n) = -19 - 2*n - 13 + 35. Let p(r) = -15 + 25*r**2 - r**2 + r**3 - r - 13*r**2. Let c be p(-11). Determine i(c).
11
Let d(t) = 8*t - 87. Let p be d(12). Let o(j) = -2*j + 8 + 2*j - j. Calculate o(p).
-1
Let l(m) be the second derivative of m**3/6 - 4*m**2 + 42*m. Calculate l(8).
0
Let y = 24 + -20. Let x(g) = -g**2 + 7*g + 10. Let l be x(8). Let f(s) = -4 + 0*s**2 + l*s + 2 + 4*s**2 - s**3. Give f(y).
6
Let g = 139 + -139. Let p(i) = -213 - i + g*i + 207. Determine p(-10).
4
Let x(h) = -11*h**2 + 60*h - 50. Let c(z) = 11*z**2 - 61*z + 49. Let w(m) = -5*c(m) - 6*x(m). Let j(l) = -l + 1. Let q(i) = -55*j(i) + w(i). Give q(-1).
11
Let y(h) = -2*h - 3. Let a(l) = -6*l - 5. Let x(g) = 2*a(g) - 5*y(g). Give x(-5).
15
Let x(t) = -5 + 2125*t + 15 - 1063*t - 1063*t. Calculate x(8).
2
Let p(d) = d + 12. Suppose -4*w - 14*i + 12*i = 40, -5*w + 3*i - 39 = 0. Give p(w).
3
Let t(d) be the first derivative of -d**2/2 + 11*d - 367. Calculate t(-13).
24
Let a = -8 - -4. Let b be 1*-3*a/6. Let p(g) = g**2 - 5*g**2 + 2*g + 3*g**2 + 1. Give p(b).
1
Let p(s) = -s + 6. Let f be p(0). Let l = 52 + -45. Let n(y) = -4*y**2 + 6*y - 6. Let w(t) = -9*t**2 + 12*t - 12. Let i(h) = l*n(h) - 3*w(h). What is i(f)?
-6
Let j(o) be the first derivative of -5*o + 3/2*o**2 - 2. Calculate j(4).
7
Let t(j) = -j**3 + 3*j**2 + 12*j - 7. Let z(f) = 2*f**3 - 20*f**2 + 13*f + 50. Let r be z(9). Calculate t(r).
3
Let j(m) = -m**3 - 9*m**2 - 8*m + 4. Let q be j(-8). Let a(h) = -h**3 + 4*h**2 - 4. What is a(q)?
-4
Suppose -108 = -2*l - 4*v, -4*l - l + 5*v + 270 = 0. Suppose 60 = 3*p + l. Let u(m) = -2*m**3 - m**2 + 1. Determine u(p).
-19
Suppose 0 = 6*u - 0. Let h(v) = v - 2*v**2 + 7*v**2 + v**3 - 1 + v**2 + u. Determine h(-5).
19
Let u(h) = h**3 + 10*h**2 - 10*h + 6. Suppose 0 = -4*x + 7*x + 21. Let k be x/(-7) + 1*-12. Calculate u(k).
-5
Let b(m) = -2*m - 16. Let r be 28/(-6)*240/160. What is b(r)?
-2
Let l(u) be the first derivative of -u**4/4 + u**3/3 + 3*u - 88. Give l(0).
3
Let k(y) = -y + 3. Suppose 3*a + 4*g - 2 - 5 = 0, -g = 2*a - 8. Let h = 8 - a. Let o be k(h). Let c(b) = -b**3 - b + 3. Give c(o).
3
Let a(n) = n**3 + 8*n**2 + 5*n - 1. Let o(g) be the second derivative of -g**5/20 - 4*g**4/3 - 8*g**3/3 - 11*g**2 + 19*g. Let w be o(-15). What is a(w)?
13
Let v(u) = u**2 + u - 1. Let l be (-22)/(-1*(0 - -2)). Suppose -l = 3*s - 2, 4*j + 5*s = -7. Determine v(j).
5
Let u(q) = q**3 - 4*q**2 - q - 2. Let r = 30 + -28. Suppose f = r + 2. What is u(f)?
-6
Suppose 3*b - 33*z + 38*z = -8, 5*b = 4*z - 1. Let d(v) = -2*v**2 - v. What is d(b)?
-1
Let p(j) = j**3 - j**2 - 6*j - 4. Let s be p(5). Let c be (-11)/s + 14/12. Let w = c - 1. Let g(o) = o**2 - 3. What is g(w)?
-3
Let w(n) = n**2 + n - 13. Let x be 12/9 - 4/(-6). Let l(p) = 15*p - 2. Let i be l(x). Let o be (i/(-16) + 2)*0. Give w(o).
-13
Suppose 2*i - 3*g + 4*g + 15 = 0, 0 = 5*g - 5. Let m = 198 - 193. Let y(t) = -10*t + 0 + 0 - m - t**2 - 3. Give y(i).
8
Suppose d + 2*d = 12. Let k be (0 + -2)*(4 - 5)*1. Let i(l) = -k + l - 6 + 6 - 4. Determine i(d).
-2
Let d(s) = -s**3 + 23*s**2 - 5*s - 8. Let t(u) = 2*u**2 - u - 1. Let o(q) = d(q) - 5*t(q). Give o(13).
-3
Let s(v) = -v**2 - 2*v + 13. Let w(p) = p**2 + 3*p - 13. Let u(x) = -4*s(x) - 5*w(x). Give u(-8).
5
Suppose 2*y - 2*n + 10 = 0, 0 = -2*n - 8 + 12. Let r(h) be the second derivative of -1/12*h**4 - 7*h + 1/2*h**3 + 0 - 1/20*h**5 - 1/2*h**2. Give r(y).
8
Let q(i) be the second derivative of i**6/720 + i**5/60 + 17*i**4/12 - 5*i. Let v(a) be the third derivative of q(a). Determine v(-7).
-5
Suppose l + 4 = 2*l, 3*l - 30 = -3*g. Let j(s) = 7*s**2 - 31*s**3 + 3 - 21*s**3 - 26*s**3 - 7*s - 6 + 77*s**3. Determine j(g).
-9
Let a(o) = -o**3 + 7*o**2 + o. Suppose -2*p + 6*f = f - 33, 2*p - 21 = f. Let h = -3 + p. Let i be (5 - 2) + h + -2. Determine a(i).
7
Let h(m) = 3*m - 2. Let g(z) = 6 + 16*z - 50*z**2 + 103*z**2 - 54*z**2. Let x be g(16). What is h(x)?
16
Let j = -17 - -16. Let m be 32/80 - (-3)/5. Let i(d) = d**2 - 12*d + 6*d + 8*d - m + 2 + 9*d**3. Determine i(j).
-9
Let n(c) = c**3 - 11*c**2 + 20*c + 23. Let u be n(8). Let b(t) = t**2 + 7*t - 4. Give b(u).
14
Let u(w) = 5*w**3 - 2*w**2 - 1. Let y(k) = -10*k**3 + 4*k**2 - k + 2. Let c(r) = -5*u(r) - 2*y(r). Suppose -16 = i - 5*n, -i + n = i + 5. Give c(i).
6
Let h(t) = -t. Let n(b) = 2*b + 5. Let d(a) = -3*h(a) - n(a). Suppose 0*l + 3*l = -4*y + 15, y + 5*l = 25. Calculate d(y).
-5
Let b(g) = 2*g. Let v be b(2). Let z(o) be the third derivative of -o**4/8 + o**3 + 459*o**2. Calculate z(v).
-6
Let o(q) = 15 - 5*q - 11*q + 8*q + 5*q. Calculate o(3).
6
Let c = 2129 - 2127. Let b(k) be the second derivative of k**4/6 - k**3/2 - k**2/2 + k. Let f(o) be the first derivative of b(o). What is f(c)?
5
Let l(t) = -9*t**2 + 8*t - 5. Let h be l(1). Let k(p) = -p - 6. What is k(h)?
0
Let h(a) = a**2 - a - 4. Let g(c) = -c**2 + 2*c + 4. Let l(m) = 4*g(m) + 3*h(m). Let f(q) = -3*q**3 - q**2 + 3. Let k be f(-1). Calculate l(k).
4
Let p(l) = -l**3 + 4*l**2 + 4*l + 2. Let o be p(5). Let x be (6 + o)*(-1 + -1). Let n(s) = 0*s**2 - 4*s + 3*s**2 + 7 - 4*s**2. Give n(x).
-5
Let a(w) be the first derivative of -w**2 + 7*w - 18. Let d(f) = f - 1. Let k(b) = -a(b) - 4*d(b). Let q be (-8)/(-6)*12/(-4). Determine k(q).
5
Let i(h) = -1 - 2*h - 10*h + 0 - 11*h + 22*h. Let t(y) = y**3 + 5*y**2 + 5*y + 1. Let d be t(-4). Let p(u) = -2*u - 2. Let m(x) = d*i(x) + p(x). What is m(-5)?
-4
Let g(t) = -t**2 + 7*t + 0*t + 104 + 109 - 205. Let f = 56 + -31. Let a = f - 18. Give g(a).
8
Let j = -61 + 81. Let o be (-8)/j + (-132)/(-30). Let i(s) = s**3 - 3*s**2 - 4*s - 3. Give i(o).
-3
Let i(y) = 7*y**2 - 18 - 5*y + 3*y**3 + 3*y - 3*y - 6*y - 2*y**3. Determine i(-8).
6
Let p(n) = -n**2 + 15*n - 57. Let f be p(10). Let w(d) = 6*d + 37. Calculate w(f).
-5
Suppose 4*s = -37 + 13. Let m(q) = -13*q**2 - q - 9. Let k(u) = -7*u**2 - 5. Let a(r) = 11*k(r) - 6*m(r). Calculate a(s).
-1
Let m(b) = 10*b**3 + 2*b**2 - 7*b. Let x(v) = -11*v**3 - 2*v**2 + 8*v. Let l be (1 + -8)/(17/(-17)). Let p(c) = l*m(c) + 6*x(c). Determine p(1).
5
Let b = 1699 + -1694. Let k(v) be the first derivative of v**4/4 - 2*v**3 + 3*v**2 + 3*v + 1. What is k(b)?
8
Let r(c) be the second derivative of c**6/360 + c**5/24 + c**4/6 + 11*c**3/3 - 11*c. Let d(g) be the second derivative of r(g). Give d(-4).
0
Let d(n) = 4*n -